False
Is 10405 a prime number?
False
Is 654323 composite?
False
Is 1703107 composite?
True
Is 4559 a prime number?
False
Is 7621 a prime number?
True
Is 132659 a composite number?
True
Is 16909 a prime number?
False
Is 6007 prime?
True
Is 78947 composite?
True
Is 88463 prime?
True
Is 530971 composite?
True
Is 10511 prime?
False
Is 464371 a prime number?
True
Is 2297701 a prime number?
False
Is 17513 prime?
False
Is 147073 a composite number?
False
Is 9511 prime?
True
Is 1501 prime?
False
Is 8453 a composite number?
True
Is 538193 composite?
True
Is 70537 a composite number?
False
Is 16729 composite?
False
Is 14177 prime?
True
Is 14698 a prime number?
False
Is 376373 prime?
True
Is 299513 a prime number?
True
Is 1559 a prime number?
True
Is 1217 a composite number?
False
Is 203362 a prime number?
False
Is 65831 a composite number?
False
Is 12889 a composite number?
False
Is 3637 a composite number?
False
Is 23953 a composite number?
True
Is 215071 composite?
True
Is 165229 prime?
True
Is 9739 a composite number?
False
Is 4597 a prime number?
True
Is 21005 composite?
True
Is 23761 a prime number?
True
Is 1501 a prime number?
False
Is 489205 a composite number?
True
Is 19653 prime?
False
Is 94649 a prime number?
True
Is 1340321 a composite number?
False
Is 39817 a composite number?
True
Is 65635 a prime number?
False
Is 174787 prime?
False
Is 414049 composite?
False
Is 563447 composite?
False
Is 25523 a prime number?
True
Is 499 a composite number?
False
Is 112342 a prime number?
False
Is 1511 composite?
False
Is 264599 a composite number?
False
Is 110153 composite?
True
Is 5039 a prime number?
True
Is 64765 a composite number?
True
Is 138218 prime?
False
Is 605443 composite?
False
Is 159947 prime?
False
Is 415787 a composite number?
False
Is 127 composite?
False
Is 116455 prime?
False
Is 871727 composite?
False
Is 25969 composite?
False
Is 28043 a prime number?
False
Is 720883 prime?
False
Is 184073 composite?
False
Is 82213 a composite number?
True
Is 57611 a prime number?
False
Is 1067 a prime number?
False
Is 11138 a composite number?
True
Is 14971 prime?
False
Is 19643 a prime number?
False
Is 234035 prime?
False
Is 719 composite?
False
Is 1341757 a composite number?
False
Is 10243 composite?
False
Is 3545627 prime?
False
Is 111703 composite?
True
Is 18059 a composite number?
False
Is 6718 a composite number?
True
Is 83243 a prime number?
True
Is 30617 prime?
False
Is 13781 prime?
True
Is 6431 composite?
True
Is 15499 a composite number?
True
Is 254481 a prime number?
False
Is 787 a composite number?
False
Is 16361 prime?
True
Is 11579 prime?
True
Is 5471 composite?
False
Is 35691 a prime number?
False
Is 9397 a composite number?
False
Is 1640657 a composite number?
False
Is 1855929 prime?
False
Is 479 a prime number?
True
Is 255239 prime?
True
Is 641959 a composite number?
False
Is 27533 a prime number?
False
Is 99469 a composite number?
False
Is 2971 prime?
True
Is 261497 prime?
False
Is 13093 prime?
True
Is 1087 a composite number?
False
Is 15787 prime?
True
Is 1693 a prime number?
True
Is 7878383 a composite number?
False
Is 141001 composite?
True
Is 1836151 a prime number?
True
Is 586 prime?
False
Is 173473 a prime number?
True
Is 13963 a composite number?
False
Is 1555 a prime number?
False
Is 16051 a composite number?
True
Is 1665749 prime?
False
Is 4981 a composite number?
True
Is 202471 composite?
False
Is 118153 composite?
True
Is 70937 a composite number?
False
Is 47737 a prime number?
True
Is 25057 prime?
True
Is 1191142 composite?
True
Is 46405 a composite number?
True
Is 9722 a prime number?
False
Is 3958 a composite number?
True
Is 680809 a prime number?
True
Is 21209 composite?
True
Is 40973 a composite number?
False
Is 178949 a prime number?
False
Is 16519 composite?
False
Is 103229 a composite number?
True
Is 59507 a prime number?
False
Is 49937 a prime number?
True
Is 487049 a composite number?
False
Is 123839 prime?
False
Is 1167251 composite?
False
Is 391 a prime number?
False
Is 15163 composite?
True
Is 881711 a prime number?
True
Is 46639 a prime number?
True
Is 644747 composite?
False
Is 16838 prime?
False
Is 9143 a prime number?
False
Is 21701 a composite number?
False
Is 1977 composite?
True
Is 467197 composite?
False
Is 55049 prime?
True
Is 8889 a prime number?
False
Is 419 a composite number?
False
Is 282281 a prime number?
True
Is 51041 composite?
True
Is 561819 a prime number?
False
Is 9487 prime?
False
Is 33817 prime?
False
Is 2263 composite?
True
Is 774853 a composite number?
False
Is 1155779 a composite number?
True
Is 281879 a composite number?
True
Is 64991 prime?
False
Is 1099 prime?
False
Is 60493 prime?
True
Is 2195 composite?
True
Is 34171 a prime number?
True
Is 79177 composite?
True
Is 15491 prime?
False
Is 424397 composite?
False
Is 20471 prime?
False
Is 36037 prime?
True
Is 6467 prime?
False
Is 274895 prime?
False
Is 649651 a prime number?
True
Is 382 prime?
False
Is 14519 composite?
False
Is 440189 prime?
False
Is 583169 a prime number?
True
Is 1259 composite?
False
Is 165809 composite?
True
Is 4535 a composite number?
True
Is 2047 prime?
False
Is 11861 prime?
False
Is 588139 a prime number?
False
Is 7499 a composite number?
False
Is 53681 a composite number?
False
Is 21557 composite?
False
Is 521641 composite?
False
Is 2194 composite?
True
Is 182681 prime?
True
Is 74197 a prime number?
True
Is 727633 a prime number?
True
Is 1657 a prime number?
True
Is 9157 a prime number?
True
Is 482941 a composite number?
False
Is 547357 composite?
False
Is 974495 prime?
False
Is 73847 a composite number?
False
Is 10265 prime?
False
Is 5353 a composite number?
True
Is 2906509 composite?
False
Is 1135517 composite?
True
Is 13918 a prime number?
False
Is 46855 composite?
True
Is 493 a composite number?
True
Is 49015 prime?
False
Is 28127 prime?
False
Is 663517 prime?
True
Is 21211 prime?
True
Is 1184581 composite?
True
Is 3578257 a composite number?
False
Is 3259 a composite number?
False
Is 6437 a prime number?
False
Is 31379 a composite number?
False
Is 679 prime?
False
Is 1038689 a composite number?
False
Is 2386 a prime number?
False
Is 257903 prime?
True
Is 5273 a composite number?
False
Is 19011 composite?
True
Is 22738 a prime number?
False
Is 40561 a prime number?
False
Is 6001 a prime number?
False
Is 374353 prime?
False
Is 3989 a prime number?
True
Is 248581 composite?
True
Is 31219 composite?
False
Is 11539 prime?
False
Is 460249 a composite number?
True
Is 22915 a prime number?
False
Is 890147 a composite number?
False
Is 14243 a prime number?
True
Is 4403811 prime?
False
Is 31091 composite?
False
Is 475037 composite?
False
Is 107687 a prime number?
True
Is 1808729 a composite number?
True
Is 75767 a composite number?
False
Is 250253 composite?
False
Is 13087 composite?
True
Is 12449 a composite number?
True
Is 33871 composite?
False
Is 25735 a composite number?
True
Is 2602637 a prime number?
True
Is 1843913 prime?
False
Is 23741 composite?
False
Is 9413 composite?
False
Is 50413 a prime number?
False
Is 74417 prime?
False
Is 54937 composite?
True
Is 28687 a prime number?
True
Is 126979 prime?
False
Is 2483 prime?
False
Is 191 a composite number?
False
Is 1102721 a prime number?
True
Is 23189 a composite number?
False
Is 384359 a prime number?
True
Is 19639 a prime number?
False
Is 869 prime?
False
Is 225569 composite?
False
Is 59863 a composite number?
False
Is 53917 prime?
True
Is 84751 a prime number?
True
Is 817543 prime?
False
Is 75947 a composite number?
True
Is 11197 a composite number?
False
Is 2122 a prime number?
False
Is 5381 prime?
True
Is 907 a prime number?
True
Is 69261 a prime number?
False
Is 85691 composite?
False
Is 13259 a composite number?
False
Is 61283 a prime number?
True
Is 639941 prime?
True
Is 6521 a prime number?
True
Is 1560121 prime?
True
Is 65137 composite?
True
Is 25535 prime?
False
Is 5449 prime?
True
Is 31597 a composite number?
True
Is 14519 prime?
True
Is 11469 prime?
False
Is 35729 composite?
False
Is 230597 composite?
False
Is 57489 a composite number?
True
Is 9647 a composite number?
True
Is 352679 prime?
False
Is 23497 a prime number?
True
Is 987293 a composite number?
False
Is 2413 a prime number?
False
Is 865047 a prime number?
False
Is 681337 prime?
True